hat is the hundred thousands digit of 166879?
1
What is the tens digit of 2655?
5
What is the units digit of 1251?
1
What is the units digit of 4284?
4
What is the units digit of 859?
9
What is the thousands digit of 3476?
3
What is the units digit of 66683?
3
What is the units digit of 3466?
6
What is the hundreds digit of 165267?
2
What is the units digit of 53121?
1
What is the tens digit of 27401?
0
What is the units digit of 8746?
6
What is the tens digit of 4471?
7
What is the tens digit of 25592?
9
What is the tens digit of 661?
6
What is the thousands digit of 1068?
1
What is the hundreds digit of 801?
8
What is the thousands digit of 1566?
1
What is the tens digit of 3970?
7
What is the hundreds digit of 1786?
7
What is the units digit of 964?
4
What is the thousands digit of 5481?
5
What is the tens digit of 2224?
2
What is the tens digit of 2092?
9
What is the tens digit of 8031?
3
What is the tens digit of 1951?
5
What is the thousands digit of 6658?
6
What is the tens digit of 870?
7
What is the hundreds digit of 6463?
4
What is the units digit of 1111?
1
What is the thousands digit of 20727?
0
What is the hundreds digit of 2041?
0
What is the units digit of 7587?
7
What is the tens digit of 55?
5
What is the thousands digit of 35225?
5
What is the units digit of 85704?
4
What is the units digit of 17065?
5
What is the thousands digit of 80894?
0
What is the tens digit of 7577?
7
What is the tens digit of 8766?
6
What is the thousands digit of 59372?
9
What is the units digit of 55108?
8
What is the tens digit of 34022?
2
What is the thousands digit of 1332?
1
What is the hundreds digit of 394?
3
What is the hundreds digit of 36068?
0
What is the hundreds digit of 8093?
0
What is the ten thousands digit of 80272?
8
What is the hundred thousands digit of 107057?
1
What is the tens digit of 624?
2
What is the tens digit of 26370?
7
What is the ten thousands digit of 49266?
4
What is the hundreds digit of 4824?
8
What is the tens digit of 30254?
5
What is the hundreds digit of 604?
6
What is the units digit of 6242?
2
What is the tens digit of 1356?
5
What is the tens digit of 18346?
4
What is the ten thousands digit of 39776?
3
What is the units digit of 59?
9
What is the units digit of 15121?
1
What is the units digit of 41?
1
What is the thousands digit of 6594?
6
What is the units digit of 697?
7
What is the units digit of 34?
4
What is the hundreds digit of 1925?
9
What is the units digit of 958?
8
What is the tens digit of 9975?
7
What is the hundreds digit of 67659?
6
What is the tens digit of 4939?
3
What is the thousands digit of 4231?
4
What is the tens digit of 36788?
8
What is the hundreds digit of 74031?
0
What is the hundreds digit of 20099?
0
What is the tens digit of 7858?
5
What is the tens digit of 933?
3
What is the tens digit of 8953?
5
What is the units digit of 1555?
5
What is the tens digit of 26179?
7
What is the tens digit of 626?
2
What is the tens digit of 5288?
8
What is the thousands digit of 3292?
3
What is the units digit of 19249?
9
What is the hundreds digit of 186?
1
What is the tens digit of 351?
5
What is the units digit of 1368?
8
What is the thousands digit of 5563?
5
What is the units digit of 857?
7
What is the units digit of 13138?
8
What is the tens digit of 70?
7
What is the tens digit of 2421?
2
What is the tens digit of 1088?
8
What is the hundreds digit of 2772?
7
What is the ten thousands digit of 106738?
0
What is the ten thousands digit of 18096?
1
What is the ten thousands digit of 70059?
7
What is the tens digit of 588?
8
What is the hundreds digit of 916?
9
What is the hundreds digit of 12763?
7
What is the units digit of 24651?
1
What is the units digit of 15114?
4
What is the thousands digit of 5865?
5
What is the tens digit of 697?
9
What is the hundreds digit of 14134?
1
What is the tens digit of 1634?
3
What is the thousands digit of 50483?
0
What is the hundreds digit of 347?
3
What is the units digit of 5921?
1
What is the units digit of 210?
0
What is the thousands digit of 17446?
7
What is the tens digit of 1378?
7
What is the hundreds digit of 24268?
2
What is the units digit of 7737?
7
What is the hundreds digit of 63820?
8
What is the tens digit of 2287?
8
What is the units digit of 120?
0
What is the ten thousands digit of 55883?
5
What is the thousands digit of 11086?
1
What is the tens digit of 1519?
1
What is the units digit of 2154?
4
What is the units digit of 65656?
6
What is the thousands digit of 124343?
4
What is the hundreds digit of 5631?
6
What is the units digit of 404?
4
What is the hundreds digit of 851?
8
What is the tens digit of 3437?
3
What is the thousands digit of 1589?
1
What is the tens digit of 15103?
0
What is the thousands digit of 28857?
8
What is the hundreds digit of 559?
5
What is the tens digit of 97?
9
What is the tens digit of 251?
5
What is the hundreds digit of 5932?
9
What is the tens digit of 33183?
8
What is the units digit of 1653?
3
What is the units digit of 2727?
7
What is the hundreds digit of 2080?
0
What is the ten thousands digit of 42293?
4
What is the thousands digit of 6236?
6
What is the hundreds digit of 8414?
4
What is the hundreds digit of 402?
4
What is the hundreds digit of 2319?
3
What is the thousands digit of 41475?
1
What is the ten thousands digit of 36284?
3
What is the thousands digit of 2435?
2
What is the hundreds digit of 582?
5
What is the hundreds digit of 63318?
3
What is the hundreds digit of 96744?
7
What is the tens digit of 12634?
3
What is the hundreds digit of 509?
5
What is the units digit of 8826?
6
What is the hundreds digit of 35976?
9
What is the tens digit of 16224?
2
What is the thousands digit of 7505?
7
What is the hundred thousands digit of 171632?
1
What is the ten thousands digit of 62108?
6
What is the tens digit of 2850?
5
What is the units digit of 1654?
4
What is the thousands digit of 13593?
3
What is the tens digit of 1067?
6
What is the units digit of 3169?
9
What is the tens digit of 4320?
2
What is the hundreds digit of 20021?
0
What is the ten thousands digit of 12346?
1
What is the hundreds digit of 3866?
8
What is the tens digit of 887?
8
What is the tens digit of 166350?
5
What is the units digit of 9736?
6
What is the units digit of 1022?
2
What is the tens digit of 3040?
4
What is the thousands digit of 8389?
8
What is the hundreds digit of 3613?
6
What is the ten thousands digit of 70917?
7
What is the tens digit of 606?
0
What is the units digit of 11565?
5
What is the thousands digit of 1310?
1
What is the units digit of 77119?
9
What is the ten thousands digit of 80060?
8
What is the tens digit of 407?
0
What is the thousands digit of 3467?
3
What is the units digit of 3568?
8
What is the units digit of 130958?
8
What is the thousands digit of 1141?
1
What is the units digit of 42506?
6
What is the units digit of 1905?
5
What is the units digit of 772?
2
What is the hundreds digit of 42419?
4
What is the tens digit of 32621?
2
What is the thousands digit of 7618?
7
What is the tens digit of 1649?
4
What is the units digit of 1050?
0
What is the hundreds digit of 29961?
9
What is the hundreds digit of 18557?
5
What is the tens digit of 55489?
8
What is the tens digit of 113451?
5
What is the hundreds digit of 5254?
2
What is the thousands digit of 2304?
2
What is the thousands digit of 42599?
2
What is the tens digit of 94661?
6
What is the ten thousands digit of 10807?
1
What is the units digit of 88246?
6
What is the tens digit of 179?
7
What is the tens digit of 4174?
7
What is the thousands digit of 1626?
1
What is the thousands digit of 14423?
4
What is the thousands digit of 5557?
5
What is the units digit of 90?
0
What is the hundreds digit of 1119?
1
What is the hundreds digit of 67279?
2
What is the units digit of 1599?
9
What is the units digit of 10315?
5
What is the units digit of 907?
7
What is the units digit of 647?
7
What is the hundreds digit of 192?
1
What is the hundreds digit of 1723?
7
What is the thousands digit of 2420?
2
What is the units digit of 994?
4
What is the units digit of 45097?
7
What is the tens digit of 7187?
8
What is the tens digit of 2031?
3
What is the units digit of 11925?
5
What is the tens digit of 8214?
1
What is the te